{"id":68,"date":"2018-03-27T16:10:00","date_gmt":"2018-03-27T14:10:00","guid":{"rendered":"http:\/\/grcs.digital\/?page_id=68"},"modified":"2019-03-01T15:57:53","modified_gmt":"2019-03-01T14:57:53","slug":"informatique","status":"publish","type":"page","link":"https:\/\/www.grcs.digital\/index.php\/informatique\/","title":{"rendered":"SERVICES"},"content":{"rendered":"<p><span style=\"color: #000000;\"><strong>Inf<img data-recalc-dims=\"1\" loading=\"lazy\" decoding=\"async\" data-attachment-id=\"33\" data-permalink=\"https:\/\/www.grcs.digital\/index.php\/informatique\/services\/\" data-orig-file=\"https:\/\/i0.wp.com\/www.grcs.digital\/wp-content\/uploads\/2018\/03\/Services.jpg?fit=960%2C612&amp;ssl=1\" data-orig-size=\"960,612\" data-comments-opened=\"1\" data-image-meta=\"{&quot;aperture&quot;:&quot;0&quot;,&quot;credit&quot;:&quot;&quot;,&quot;camera&quot;:&quot;&quot;,&quot;caption&quot;:&quot;&quot;,&quot;created_timestamp&quot;:&quot;0&quot;,&quot;copyright&quot;:&quot;&quot;,&quot;focal_length&quot;:&quot;0&quot;,&quot;iso&quot;:&quot;0&quot;,&quot;shutter_speed&quot;:&quot;0&quot;,&quot;title&quot;:&quot;&quot;,&quot;orientation&quot;:&quot;0&quot;}\" data-image-title=\"Services\" data-image-description=\"\" data-image-caption=\"\" data-medium-file=\"https:\/\/i0.wp.com\/www.grcs.digital\/wp-content\/uploads\/2018\/03\/Services.jpg?fit=300%2C191&amp;ssl=1\" data-large-file=\"https:\/\/i0.wp.com\/www.grcs.digital\/wp-content\/uploads\/2018\/03\/Services.jpg?fit=960%2C612&amp;ssl=1\" class=\"wp-image-33 alignleft\" src=\"https:\/\/i0.wp.com\/grcs.digital\/wp-content\/uploads\/2018\/03\/Services-300x191.jpg?resize=394%2C251\" alt=\"\" width=\"394\" height=\"251\" srcset=\"https:\/\/i0.wp.com\/www.grcs.digital\/wp-content\/uploads\/2018\/03\/Services.jpg?resize=300%2C191&amp;ssl=1 300w, https:\/\/i0.wp.com\/www.grcs.digital\/wp-content\/uploads\/2018\/03\/Services.jpg?resize=768%2C490&amp;ssl=1 768w, https:\/\/i0.wp.com\/www.grcs.digital\/wp-content\/uploads\/2018\/03\/Services.jpg?w=960&amp;ssl=1 960w\" sizes=\"auto, (max-width: 394px) 100vw, 394px\" \/>og\u00e9rance:<\/strong> Maintenir et g\u00e9rer vos syst\u00e8mes Informatique, faire le lien avec vos \u00e9diteurs logiciel.<\/span><\/p>\n<p><span style=\"color: #000000;\"><strong>Logiciel:<\/strong> Microsoft Office 2019 , Office 365 , Eset , Acronis<\/span><\/p>\n<p><span style=\"color: #000000;\"><strong>Domaine:<\/strong> Enregistrement , gestion, h\u00e9bergement<\/span><\/p>\n<p><span style=\"color: #000000;\"><strong>Mail:<\/strong> Gestion de serveurs mails d\u00e9di\u00e9, Exchange on line , Mails Pro<\/span><\/p>\n<p><span style=\"color: #000000;\"><strong>Op\u00e9rateur voix :<\/strong> Trunk SIP , Passerelles TDM<\/span><\/p>\n<p><span style=\"color: #000000;\"><strong>Maintenance T\u00e9l\u00e9coms :<\/strong> PABX IPBX Unify , Alcatel , 3CX.<\/span><\/p>\n<p><span style=\"color: #000000;\"><strong>Maintenance Informatique :<\/strong> Serveurs, Postes clients, Imprimantes, Routeurs<\/span><\/p>\n<p><span style=\"color: #000000;\"><strong>Audit :<\/strong> Cartographier l&#8217;existant, Apporter de nouvelles solutions, Poser un diagnostic sur un dysfonctionnement.<\/span><\/p>\n<p><span style=\"color: #000000;\"><strong>Conseil:<\/strong> plan de reprise d&#8217;activit\u00e9, RGPD , Externalisation<\/span><\/p>\n","protected":false},"excerpt":{"rendered":"<p>Infog\u00e9rance: Maintenir et g\u00e9rer vos syst\u00e8mes Informatique, faire le lien avec vos \u00e9diteurs logiciel. Logiciel: Microsoft Office 2019 , Office 365 , Eset , Acronis Domaine: Enregistrement , gestion, h\u00e9bergement Mail: Gestion de serveurs mails d\u00e9di\u00e9, Exchange on line , Mails Pro Op\u00e9rateur voix : Trunk SIP , Passerelles TDM Maintenance T\u00e9l\u00e9coms : PABX IPBX<\/p>\n<div><a class=\"btn-filled btn\" href=\"https:\/\/www.grcs.digital\/index.php\/informatique\/\" title=\"SERVICES\">Lire la suite<\/a><\/div>\n","protected":false},"author":1,"featured_media":0,"parent":0,"menu_order":0,"comment_status":"closed","ping_status":"closed","template":"","meta":{"jetpack_post_was_ever_published":false,"footnotes":""},"class_list":["post-68","page","type-page","status-publish","hentry"],"yoast_head":"<!-- This site is optimized with the Yoast SEO plugin v25.1 - https:\/\/yoast.com\/wordpress\/plugins\/seo\/ -->\n<title>SERVICES - GRCS<\/title>\n<meta name=\"description\" content=\"Installateur t\u00e9l\u00e9com informatique Marseille PACA Microsoft 365.Entreprise de proximit\u00e9 certifi\u00e9 par les grands acteurs des IT.\" \/>\n<meta name=\"robots\" content=\"index, follow, max-snippet:-1, max-image-preview:large, max-video-preview:-1\" \/>\n<link rel=\"canonical\" href=\"https:\/\/www.grcs.digital\/index.php\/informatique\/\" \/>\n<meta property=\"og:locale\" content=\"fr_FR\" \/>\n<meta property=\"og:type\" content=\"article\" \/>\n<meta property=\"og:title\" content=\"SERVICES - GRCS\" \/>\n<meta property=\"og:description\" content=\"Installateur t\u00e9l\u00e9com informatique Marseille PACA Microsoft 365.Entreprise de proximit\u00e9 certifi\u00e9 par les grands acteurs des IT.\" \/>\n<meta property=\"og:url\" content=\"https:\/\/www.grcs.digital\/index.php\/informatique\/\" \/>\n<meta property=\"og:site_name\" content=\"GRCS\" \/>\n<meta property=\"article:publisher\" content=\"https:\/\/www.facebook.com\/GRCS-502557076550971\/\" \/>\n<meta property=\"article:modified_time\" content=\"2019-03-01T14:57:53+00:00\" \/>\n<meta property=\"og:image\" content=\"http:\/\/grcs.digital\/wp-content\/uploads\/2018\/03\/Services-300x191.jpg\" \/>\n<meta name=\"twitter:card\" content=\"summary_large_image\" \/>\n<script type=\"application\/ld+json\" class=\"yoast-schema-graph\">{\"@context\":\"https:\/\/schema.org\",\"@graph\":[{\"@type\":\"WebPage\",\"@id\":\"https:\/\/www.grcs.digital\/index.php\/informatique\/\",\"url\":\"https:\/\/www.grcs.digital\/index.php\/informatique\/\",\"name\":\"SERVICES - GRCS\",\"isPartOf\":{\"@id\":\"https:\/\/www.grcs.digital\/#website\"},\"primaryImageOfPage\":{\"@id\":\"https:\/\/www.grcs.digital\/index.php\/informatique\/#primaryimage\"},\"image\":{\"@id\":\"https:\/\/www.grcs.digital\/index.php\/informatique\/#primaryimage\"},\"thumbnailUrl\":\"http:\/\/grcs.digital\/wp-content\/uploads\/2018\/03\/Services-300x191.jpg\",\"datePublished\":\"2018-03-27T14:10:00+00:00\",\"dateModified\":\"2019-03-01T14:57:53+00:00\",\"description\":\"Installateur t\u00e9l\u00e9com informatique Marseille PACA Microsoft 365.Entreprise de proximit\u00e9 certifi\u00e9 par les grands acteurs des IT.\",\"breadcrumb\":{\"@id\":\"https:\/\/www.grcs.digital\/index.php\/informatique\/#breadcrumb\"},\"inLanguage\":\"fr-FR\",\"potentialAction\":[{\"@type\":\"ReadAction\",\"target\":[\"https:\/\/www.grcs.digital\/index.php\/informatique\/\"]}]},{\"@type\":\"ImageObject\",\"inLanguage\":\"fr-FR\",\"@id\":\"https:\/\/www.grcs.digital\/index.php\/informatique\/#primaryimage\",\"url\":\"http:\/\/grcs.digital\/wp-content\/uploads\/2018\/03\/Services-300x191.jpg\",\"contentUrl\":\"http:\/\/grcs.digital\/wp-content\/uploads\/2018\/03\/Services-300x191.jpg\"},{\"@type\":\"BreadcrumbList\",\"@id\":\"https:\/\/www.grcs.digital\/index.php\/informatique\/#breadcrumb\",\"itemListElement\":[{\"@type\":\"ListItem\",\"position\":1,\"name\":\"Accueil\",\"item\":\"https:\/\/www.grcs.digital\/\"},{\"@type\":\"ListItem\",\"position\":2,\"name\":\"SERVICES\"}]},{\"@type\":\"WebSite\",\"@id\":\"https:\/\/www.grcs.digital\/#website\",\"url\":\"https:\/\/www.grcs.digital\/\",\"name\":\"GRCS\",\"description\":\"Nos Services vous accompagnent\",\"publisher\":{\"@id\":\"https:\/\/www.grcs.digital\/#organization\"},\"alternateName\":\"GRCS\",\"potentialAction\":[{\"@type\":\"SearchAction\",\"target\":{\"@type\":\"EntryPoint\",\"urlTemplate\":\"https:\/\/www.grcs.digital\/?s={search_term_string}\"},\"query-input\":{\"@type\":\"PropertyValueSpecification\",\"valueRequired\":true,\"valueName\":\"search_term_string\"}}],\"inLanguage\":\"fr-FR\"},{\"@type\":\"Organization\",\"@id\":\"https:\/\/www.grcs.digital\/#organization\",\"name\":\"GRCS\",\"url\":\"https:\/\/www.grcs.digital\/\",\"logo\":{\"@type\":\"ImageObject\",\"inLanguage\":\"fr-FR\",\"@id\":\"https:\/\/www.grcs.digital\/#\/schema\/logo\/image\/\",\"url\":\"https:\/\/www.grcs.digital\/wp-content\/uploads\/2018\/03\/NewLogoGRCS.bmp\",\"contentUrl\":\"https:\/\/www.grcs.digital\/wp-content\/uploads\/2018\/03\/NewLogoGRCS.bmp\",\"width\":683,\"height\":290,\"caption\":\"GRCS\"},\"image\":{\"@id\":\"https:\/\/www.grcs.digital\/#\/schema\/logo\/image\/\"},\"sameAs\":[\"https:\/\/www.facebook.com\/GRCS-502557076550971\/\"]}]}<\/script>\n<!-- \/ Yoast SEO plugin. -->","yoast_head_json":{"title":"SERVICES - GRCS","description":"Installateur t\u00e9l\u00e9com informatique Marseille PACA Microsoft 365.Entreprise de proximit\u00e9 certifi\u00e9 par les grands acteurs des IT.","robots":{"index":"index","follow":"follow","max-snippet":"max-snippet:-1","max-image-preview":"max-image-preview:large","max-video-preview":"max-video-preview:-1"},"canonical":"https:\/\/www.grcs.digital\/index.php\/informatique\/","og_locale":"fr_FR","og_type":"article","og_title":"SERVICES - GRCS","og_description":"Installateur t\u00e9l\u00e9com informatique Marseille PACA Microsoft 365.Entreprise de proximit\u00e9 certifi\u00e9 par les grands acteurs des IT.","og_url":"https:\/\/www.grcs.digital\/index.php\/informatique\/","og_site_name":"GRCS","article_publisher":"https:\/\/www.facebook.com\/GRCS-502557076550971\/","article_modified_time":"2019-03-01T14:57:53+00:00","og_image":[{"url":"http:\/\/grcs.digital\/wp-content\/uploads\/2018\/03\/Services-300x191.jpg","type":"","width":"","height":""}],"twitter_card":"summary_large_image","schema":{"@context":"https:\/\/schema.org","@graph":[{"@type":"WebPage","@id":"https:\/\/www.grcs.digital\/index.php\/informatique\/","url":"https:\/\/www.grcs.digital\/index.php\/informatique\/","name":"SERVICES - GRCS","isPartOf":{"@id":"https:\/\/www.grcs.digital\/#website"},"primaryImageOfPage":{"@id":"https:\/\/www.grcs.digital\/index.php\/informatique\/#primaryimage"},"image":{"@id":"https:\/\/www.grcs.digital\/index.php\/informatique\/#primaryimage"},"thumbnailUrl":"http:\/\/grcs.digital\/wp-content\/uploads\/2018\/03\/Services-300x191.jpg","datePublished":"2018-03-27T14:10:00+00:00","dateModified":"2019-03-01T14:57:53+00:00","description":"Installateur t\u00e9l\u00e9com informatique Marseille PACA Microsoft 365.Entreprise de proximit\u00e9 certifi\u00e9 par les grands acteurs des IT.","breadcrumb":{"@id":"https:\/\/www.grcs.digital\/index.php\/informatique\/#breadcrumb"},"inLanguage":"fr-FR","potentialAction":[{"@type":"ReadAction","target":["https:\/\/www.grcs.digital\/index.php\/informatique\/"]}]},{"@type":"ImageObject","inLanguage":"fr-FR","@id":"https:\/\/www.grcs.digital\/index.php\/informatique\/#primaryimage","url":"http:\/\/grcs.digital\/wp-content\/uploads\/2018\/03\/Services-300x191.jpg","contentUrl":"http:\/\/grcs.digital\/wp-content\/uploads\/2018\/03\/Services-300x191.jpg"},{"@type":"BreadcrumbList","@id":"https:\/\/www.grcs.digital\/index.php\/informatique\/#breadcrumb","itemListElement":[{"@type":"ListItem","position":1,"name":"Accueil","item":"https:\/\/www.grcs.digital\/"},{"@type":"ListItem","position":2,"name":"SERVICES"}]},{"@type":"WebSite","@id":"https:\/\/www.grcs.digital\/#website","url":"https:\/\/www.grcs.digital\/","name":"GRCS","description":"Nos Services vous accompagnent","publisher":{"@id":"https:\/\/www.grcs.digital\/#organization"},"alternateName":"GRCS","potentialAction":[{"@type":"SearchAction","target":{"@type":"EntryPoint","urlTemplate":"https:\/\/www.grcs.digital\/?s={search_term_string}"},"query-input":{"@type":"PropertyValueSpecification","valueRequired":true,"valueName":"search_term_string"}}],"inLanguage":"fr-FR"},{"@type":"Organization","@id":"https:\/\/www.grcs.digital\/#organization","name":"GRCS","url":"https:\/\/www.grcs.digital\/","logo":{"@type":"ImageObject","inLanguage":"fr-FR","@id":"https:\/\/www.grcs.digital\/#\/schema\/logo\/image\/","url":"https:\/\/www.grcs.digital\/wp-content\/uploads\/2018\/03\/NewLogoGRCS.bmp","contentUrl":"https:\/\/www.grcs.digital\/wp-content\/uploads\/2018\/03\/NewLogoGRCS.bmp","width":683,"height":290,"caption":"GRCS"},"image":{"@id":"https:\/\/www.grcs.digital\/#\/schema\/logo\/image\/"},"sameAs":["https:\/\/www.facebook.com\/GRCS-502557076550971\/"]}]}},"jetpack_sharing_enabled":true,"jetpack_shortlink":"https:\/\/wp.me\/P9Mg9R-16","jetpack_likes_enabled":true,"jetpack-related-posts":[],"_links":{"self":[{"href":"https:\/\/www.grcs.digital\/index.php\/wp-json\/wp\/v2\/pages\/68","targetHints":{"allow":["GET"]}}],"collection":[{"href":"https:\/\/www.grcs.digital\/index.php\/wp-json\/wp\/v2\/pages"}],"about":[{"href":"https:\/\/www.grcs.digital\/index.php\/wp-json\/wp\/v2\/types\/page"}],"author":[{"embeddable":true,"href":"https:\/\/www.grcs.digital\/index.php\/wp-json\/wp\/v2\/users\/1"}],"replies":[{"embeddable":true,"href":"https:\/\/www.grcs.digital\/index.php\/wp-json\/wp\/v2\/comments?post=68"}],"version-history":[{"count":15,"href":"https:\/\/www.grcs.digital\/index.php\/wp-json\/wp\/v2\/pages\/68\/revisions"}],"predecessor-version":[{"id":359,"href":"https:\/\/www.grcs.digital\/index.php\/wp-json\/wp\/v2\/pages\/68\/revisions\/359"}],"wp:attachment":[{"href":"https:\/\/www.grcs.digital\/index.php\/wp-json\/wp\/v2\/media?parent=68"}],"curies":[{"name":"wp","href":"https:\/\/api.w.org\/{rel}","templated":true}]}}